0 a factor of 39000?
True
Does 239 divide 5256592?
False
Does 55 divide 71018?
False
Does 218 divide 7687770?
True
Does 126 divide 5274360?
True
Does 69 divide 175724?
False
Is 16 a factor of 379554?
False
Is 264890 a multiple of 10?
True
Does 48 divide 41986?
False
Does 408 divide 109222?
False
Is 28 a factor of 1397503?
False
Does 5 divide 8621?
False
Is 556 a factor of 1099768?
True
Is 15 a factor of 2250510?
True
Is 240773 a multiple of 13?
True
Is 40772 a multiple of 4?
True
Is 592845 a multiple of 206?
False
Is 6 a factor of 872524?
False
Does 152 divide 89721?
False
Is 384614 a multiple of 32?
False
Is 3998117 a multiple of 250?
False
Is 7248637 a multiple of 176?
False
Is 139455 a multiple of 15?
True
Does 88 divide 12591568?
True
Is 28 a factor of 3444588?
True
Is 423 a factor of 86715?
True
Is 16 a factor of 8976?
True
Is 4 a factor of 206072?
True
Does 321 divide 663587?
False
Does 372 divide 1152828?
True
Does 31 divide 398319?
True
Is 85 a factor of 5244840?
True
Is 3782058 a multiple of 51?
True
Is 63 a factor of 509355?
True
Does 35 divide 498438?
False
Does 151 divide 40702342?
False
Does 22 divide 9184786?
False
Is 409266 a multiple of 9?
True
Is 7675 a multiple of 3?
False
Is 541027 a multiple of 54?
False
Is 20177 a multiple of 58?
False
Is 13 a factor of 195468?
True
Is 1880187 a multiple of 263?
True
Is 4 a factor of 15362?
False
Does 389 divide 2266736?
False
Is 44 a factor of 1146156?
True
Does 4 divide 404392?
True
Is 250061 a multiple of 46?
False
Is 3193696 a multiple of 16?
True
Is 148500 a multiple of 10?
True
Is 384984 a multiple of 18?
True
Is 10524 a multiple of 4?
True
Is 15101874 a multiple of 793?
False
Does 29 divide 3749077?
False
Is 1420 a factor of 17171625?
False
Does 19 divide 35203?
False
Is 85 a factor of 1994959?
False
Does 486 divide 307638?
True
Does 171 divide 942506?
False
Does 655 divide 1039143?
False
Is 2 a factor of 1104742?
True
Is 38703 a multiple of 97?
True
Is 382687 even?
False
Does 6 divide 28224?
True
Is 7283456 a multiple of 23?
True
Is 589288 a multiple of 476?
True
Is 106 a factor of 1120738?
True
Does 21 divide 2495367?
True
Is 2403722 a multiple of 2?
True
Does 216 divide 303399?
False
Is 13 a factor of 50011?
True
Is 12624 a multiple of 1578?
True
Is 7961 a multiple of 5?
False
Does 7 divide 5481?
True
Is 25 a factor of 159050?
True
Is 96 a factor of 170329?
False
Does 4 divide 136699?
False
Is 1817677 a multiple of 10?
False
Does 350 divide 8514100?
True
Is 2039400 a multiple of 120?
True
Does 217 divide 1152704?
True
Does 49 divide 27195?
True
Is 5 a factor of 464612?
False
Is 7 a factor of 44664?
False
Is 2714678 a multiple of 270?
False
Is 15374 a multiple of 2?
True
Is 18 a factor of 938376?
True
Is 1849848 a multiple of 462?
True
Does 6 divide 29976?
True
Does 92 divide 73789?
False
Is 8 a factor of 15970?
False
Is 417 a factor of 103416?
True
Is 470176 a multiple of 16?
True
Is 24332 a multiple of 14?
True
Is 25517070 a multiple of 681?
True
Is 17 a factor of 180845?
False
Is 667530 a multiple of 30?
True
Is 127627 a multiple of 6?
False
Is 162 a factor of 63990?
True
Is 123201 a multiple of 169?
True
Is 11820268 a multiple of 14?
False
Is 1239 a factor of 10002447?
True
Does 43 divide 214656?
True
Is 82961 a multiple of 23?
True
Is 754666 a multiple of 14?
False
Is 11900 a multiple of 3?
False
Does 584 divide 7983629?
False
Does 28 divide 224308?
True
Is 126161 a multiple of 35?
False
Does 49 divide 48902?
True
Is 285889 a multiple of 17?
True
Is 14 a factor of 10473149?
False
Is 5 a factor of 627912?
False
Does 116 divide 179285?
False
Does 15 divide 7266426?
False
Does 20 divide 10693520?
True
Is 539280 a multiple of 84?
True
Is 21 a factor of 14805?
True
Is 421 a factor of 781797?
True
Is 84 a factor of 189672?
True
Is 75 a factor of 91275?
True
Is 832450 a multiple of 25?
True
Is 4 a factor of 76904?
True
Does 20 divide 114499?
False
Is 246 a factor of 148266?
False
Is 27760008 a multiple of 20?
False
Is 3871177 a multiple of 361?
False
Is 6 a factor of 327774?
True
Is 55 a factor of 5009400?
True
Does 482 divide 39524?
True
Is 26 a factor of 604762?
False
Is 346529 a multiple of 753?
False
Is 179 a factor of 143992?
False
Is 14 a factor of 3967516?
True
Does 500 divide 63557?
False
Is 178290 a multiple of 345?
False
Is 214470 a multiple of 45?
True
Is 53235 a multiple of 125?
False
Is 8572454 a multiple of 11?
True
Does 179 divide 64261?
True
Is 7965779 a multiple of 16?
False
Is 101 a factor of 10302?
True
Does 19 divide 6901769?
True
Does 61 divide 6587085?
True
Is 11843656 a multiple of 11?
True
Is 6 a factor of 1433223?
False
Does 7 divide 198037?
True
Is 141 a factor of 79806?
True
Is 178 a factor of 175330?
True
Is 5533962 a multiple of 42?
True
Is 670158 a multiple of 10?
False
Is 17 a factor of 135405?
True
Is 31 a factor of 10788?
True
Is 283 a factor of 14910704?
True
Does 155 divide 125860?
True
Does 8 divide 1638?
False
Is 565598 a multiple of 22?
True
Is 42663 a multiple of 14?
False
Is 12 a factor of 258481?
False
Is 14358775 a multiple of 475?
True
Does 73 divide 156950?
True
Is 43 a factor of 2571142?
True
Is 100 a factor of 2475365?
False
Is 14 a factor of 1682126?
False
Does 127 divide 473837?
True
Is 605600 a multiple of 265?
False
Is 29547 a multiple of 63?
True
Does 4 divide 350856?
True
Does 44 divide 130064?
True
Is 51 a factor of 950742?
True
Is 5877410 a multiple of 823?
False
Does 87 divide 301119?
False
Is 53 a factor of 1353991?
True
Is 185659 a multiple of 69?
False
Is 41 a factor of 260432?
True
Is 29 a factor of 1156190?
False
Does 72 divide 616584?
False
Does 373 divide 440886?
True
Does 45 divide 16074?
False
Does 32 divide 3213767?
False
Does 1816 divide 19049840?
True
Is 264505 a multiple of 3?
False
Does 9 divide 1162242?
True
Is 24528 a multiple of 30?
False
Is 329544 a multiple of 398?
True
Is 7681749 a multiple of 341?
False
Is 665291 a multiple of 31?
True
Does 16 divide 93465?
False
Is 9 a factor of 616561?
False
Is 15709 a multiple of 27?
False
Is 94840 a multiple of 33?
False
Does 845 divide 1328350?
False
Is 188 a factor of 6124218?
False
Does 22 divide 4330326?
True
Is 87840 a multiple of 5?
True
Is 37 a factor of 2571445?
False
Does 1277 divide 11069036?
True
Does 774 divide 13313574?
True
Is 41165 a multiple of 15?
False
Is 2 a factor of 16516?
True
Is 14 a factor of 3553138?
False
Is 7115850 a multiple of 630?
True
Does 25 divide 158625?
True
Is 75 a factor of 153017?
False
Is 66 a factor of 34188?
True
Is 2505456 a multiple of 10?
False
Is 12 a factor of 838236?
True
Is 186 a factor of 42533?
False
Does 458 divide 165338?
True
Does 4 divide 186790?
False
Is 433292 a multiple of 149?
True
Is 4304304 a multiple of 284?
True
Does 274 divide 91658?
False
Is 336 a factor of 22176?
True
Is 3179895 a multiple of 239?
True
Is 120312 a multiple of 18?
True
Is 108282 a multiple of 4?
False
Is 19 a factor of 59468?
False
Does 24 divide 26474?
False
Is 13518027 a multiple of 20?
False
Is 50 a factor of 145950?
True
Does 386 divide 4082514?
False
Is 49980 a multiple of 85?
True
Does 22 divide 54220?
False
Does 29 divide 2175928?
True
Is 2172612 a multiple of 19?
True
Is 1241 a factor of 15606186?
False
Is 13 a factor of 88984?
False
Is 2026824 a multiple of 632?
True
Does 86 divide 136482?
True
Is 101 a factor of 70746?
False
Does 643 divide 1221016?
False
Is 2432496 a multiple of 271?
True
Does 14 divide 823354?
True
Does 95 divide 935878?
False
Is 462560 a multiple of 140?
True
Does 480 divide 356353?
False
Does 14 divide 361989?
False
Is 412808 a multiple of 12?
False
Is 6088002 a multiple of 112?
False
Is 560560 a multiple of 65?
True
Is 3 a factor of 4397694?
True
Is 203172 a multiple of 12?
True
Does 16 divide 1036032?
True
Is 46 a factor of 1487237?
False
Is 3462283 a multiple of 15?
False
Is 22 a factor of 29513?
False
Does 57 divide 1002744?
True
Is 267 a factor of 4861527?
False
Is 137088 a multiple of 42?
True
Is 727 a factor of 525621?
True
Is 19703250 a multiple of 810?
True
Is 12 a factor of 6216?
True
Is 269136 a multiple of 189?
True
Does 4 divide 3183892?
True
Is 745 a factor of 897726?
False
Is 391 a factor of 291368?
False
Is 907872 a multiple of 4?
True
Is 5882310 a multiple of 42?
True
Is 755216 a multiple 